+ -9?
-99
In base 2, what is 1101 - 100110?
-11001
In base 2, what is -100111111 - -10011?
-100101100
In base 15, what is -1 - 3d?
-3e
In base 10, what is 3876 + -4?
3872
In base 9, what is 684 + 3?
687
In base 11, what is -5 - -28a2?
2898
In base 14, what is 6 - -20d?
215
In base 12, what is -3 + 207?
204
In base 13, what is -646 + -5?
-64b
In base 7, what is -1203 - -3?
-1200
In base 3, what is 1220 - -11?
2001
In base 16, what is 377 + -3?
374
In base 16, what is -5 - 210?
-215
In base 8, what is 5 + -1351?
-1344
In base 7, what is -6612 + -1?
-6613
In base 3, what is 2 + -12211?
-12202
In base 6, what is -11 + 25?
14
In base 11, what is 0 - -1370?
1370
In base 12, what is 7016 + -2?
7014
In base 13, what is -2c2 - -5?
-2ba
In base 15, what is 3 + -584?
-581
In base 12, what is 1bb - -5?
204
In base 12, what is 2a + b?
39
In base 7, what is -42 - 10?
-52
In base 12, what is -19488 - -5?
-19483
In base 3, what is -1121221 + 12?
-1121202
In base 7, what is 106 + 2?
111
In base 13, what is 51 + -8?
46
In base 9, what is 8 - -5?
14
In base 4, what is 3 - -110331?
111000
In base 9, what is -204 - -3?
-201
In base 8, what is -22 + -4?
-26
In base 9, what is -3 - 10758?
-10762
In base 11, what is 298 + 2?
29a
In base 3, what is -20 - 1110120?
-1110210
In base 13, what is 0 - -aa?
aa
In base 10, what is -6 - 194?
-200
In base 15, what is 4 - 6?
-2
In base 8, what is -4 + 2057?
2053
In base 7, what is -1405 - -1?
-1404
In base 9, what is -326 + 4?
-322
In base 10, what is -1 - 420?
-421
In base 9, what is -3744 - 0?
-3744
In base 16, what is -2a - 5?
-2f
In base 16, what is -6c2 + 0?
-6c2
In base 8, what is 4 - -1052?
1056
In base 7, what is -53 - -65?
12
In base 11, what is 68 - -73?
130
In base 15, what is -4 + -c3?
-c7
In base 7, what is -13 + -213?
-226
In base 13, what is 14b - 1?
14a
In base 4, what is 103 - -13?
122
In base 14, what is -1 + 34c?
34b
In base 15, what is 15 + -28?
-13
In base 5, what is -220 + 10?
-210
In base 3, what is -212 + 21?
-121
In base 11, what is -13 + -11?
-24
In base 13, what is 1b + a?
28
In base 11, what is 876 - -1?
877
In base 9, what is 10 - -26?
36
In base 2, what is 10101 - -111000?
1001101
In base 13, what is -8b5 + 5?
-8b0
In base 14, what is -3 - 136?
-139
In base 10, what is -3659 - 4?
-3663
In base 14, what is -1553 - -2?
-1551
In base 2, what is 110 + 11001?
11111
In base 10, what is -7 + 48?
41
In base 3, what is -1 + 210122?
210121
In base 12, what is b79 + -1?
b78
In base 12, what is -181 - 1?
-182
In base 12, what is -8 + 37?
2b
In base 7, what is 51133 - -1?
51134
In base 9, what is -18254 + -5?
-18260
In base 2, what is 110001000 + 0?
110001000
In base 16, what is 3c9 + -3?
3c6
In base 8, what is 0 - 10740?
-10740
In base 11, what is 3 - 37?
-34
In base 13, what is -3cb9 + -5?
-3cc1
In base 5, what is 1 + -33321?
-33320
In base 8, what is -377 - -4?
-373
In base 8, what is -2 - -2706?
2704
In base 13, what is -21 - -3?
-1b
In base 6, what is 2232 - 10?
2222
In base 15, what is -db2 + -3?
-db5
In base 11, what is -147 - -5?
-142
In base 13, what is 3b + a?
48
In base 15, what is 121 - -d?
12e
In base 11, what is -2000 + -2?
-2002
In base 3, what is 10 - -1101?
1111
In base 11, what is 3 + 160?
163
In base 16, what is -fb - 4?
-ff
In base 12, what is 2a - -5?
33
In base 14, what is 8dc + 5?
903
In base 12, what is -1a - -20?
2
In base 7, what is 54 - -16?
103
In base 13, what is 21 + -46?
-25
In base 10, what is -1471 + -4?
-1475
In base 9, what is -1 - 1540?
-1541
In base 5, what is 0 + 1333?
1333
In base 14, what is a18 - 1?
a17
In base 4, what is -3 + -113220?
-113223
In base 10, what is -6 + 681?
675
In base 13, what is -12 + 163?
151
In base 10, what is -11 + 7?
-4
In base 11, what is -4a3 + 0?
-4a3
In base 2, what is 10110 + 1101011000?
1101101110
In base 13, what is 26 + -3?
23
In base 14, what is 3c12 + 2?
3c14
In base 13, what is -7 - 3c?
-46
In base 6, what is 11 - 2035?
-2024
In base 2, what is -100 - 11011111?
-11100011
In base 2, what is 11111 - -11?
100010
In base 11, what is 4 + 29?
32
In base 11, what is -44 - -4?
-40
In base 8, what is -7 + 21?
12
In base 9, what is 71 + 15?
86
In base 7, what is -2 + -10?
-12
In base 16, what is c + -29d?
-291
In base 3, what is -122001 - -2?
-121222
In base 2, what is 10 + 110111?
111001
In base 15, what is -2 - -11?
e
In base 6, what is -5 - -13?
4
In base 12, what is -2a7a - 2?
-2a80
In base 11, what is 29a - 1?
299
In base 8, what is -162 + -30?
-212
In base 2, what is -111 + -1110?
-10101
In base 11, what is 8 + 92?
9a
In base 8, what is 5 + 1172?
1177
In base 8, what is 1055 + -4?
1051
In base 4, what is 11121 - 11?
11110
In base 13, what is -a25 + 2?
-a23
In base 13, what is 5 + 4?
9
In base 14, what is 53 + -3?
50
In base 15, what is 24 - 4?
20
In base 5, what is -10 - -32?
22
In base 12, what is -12ab + 5?
-12a6
In base 14, what is -352 + 8?
-348
In base 6, what is 1242 - 2?
1240
In base 15, what is -e9 - 5e?
-158
In base 6, what is -5 + -142?
-151
In base 12, what is -91 + 3?
-8a
In base 10, what is -2 + -514?
-516
In base 16, what is 5 - -2a4?
2a9
In base 2, what is 10011 - -1111001101?
1111100000
In base 9, what is -4 - 154?
-158
In base 2, what is -10 - -11101100?
11101010
In base 16, what is -4 + -bd?
-c1
In base 14, what is -26 - -20?
-6
In base 6, what is -343 - 14?
-401
In base 12, what is -15 - -3?
-12
In base 3, what is -110 - -1201?
1021
In base 13, what is 4 - 14?
-10
In base 4, what is -2032111 + 2?
-2032103
In base 8, what is -5 + 33?
26
In base 8, what is 74 + -123?
-27
In base 2, what is 1000 + 1101?
10101
In base 2, what is -100110 - 1?
-100111
In base 14, what is -1014 + -2?
-1016
In base 3, what is -1201 - -1?
-1200
In base 2, what is -100 + -10000100?
-10001000
In base 11, what is -1 - -801?
800
In base 5, what is 0 - -121?
121
In base 16, what is -6 - c?
-12
In base 8, what is -2 - 166?
-170
In base 2, what is -11010111000 + -100?
-11010111100
In base 4, what is 10 + -12?
-2
In base 7, what is -13 - 2?
-15
In base 16, what is -18 + -2?
-1a
In base 12, what is 17 - 21?
-6
In base 6, what is -45 + 50?
1
In base 8, what is -1562 + -1?
-1563
In base 13, what is 132 + 1?
133
In base 2, what is 111110110 - -1010?
1000000000
In base 8, what is 4 - -12574?
12600
In base 12, what is -880 + -5?
-885
In base 4, what is -3230 + 12?
-3212
In base 5, what is 12 - 14?
-2
In base 5, what is 2 - 434?
-432
In base 9, what is 1 + -318?
-317
In base 10, what is 459 - 3?
456
In base 11, what is 14 + -86?
-72
In base 12, what is 30 + 5?
35
In base 10, what is -3 - 7182?
-7185
In base 13, what is 2 - -1b1?
1b3
In base 5, what is -131240 - 0?
-131240
In base 2, what is 11 + 10101100100?
10101100111
In base 3, what is -1110012 + 1?
-1110011
In base 6, what is 4 - 1003?
-555
In base 11, what is -3 + 0?
-3
In base 15, what is 2 - -5?
7
In base 12, what is 168 + -5?
163
In base 13, what is 64 + -8?
59
In base 16, what is 2e - 8?
26
In base 6, what is 4 + -10220?
-10212
In base 9, what is 300 - 3?
286
In base 14, what is -3 - 3?
-6
In base 16, what is 1a2c - -1?
1a2d
In base 7, what is -3 + 122?
116
In base 6, what is 5 - -150?
155
In base 8, what is 554 - 0?
554
In base 13, what is -19 - 783?
-79c
In base 3, what is -11121020 + -1?
-11121021
In base 2, what is -101001 + 1111?
-11010
In base 7, what is 3056 - 4?
3052
In base 5, what is -231 + 200?
-31
In base 7, what is -32 + -50?
-112
In base 11, what is 3 - 371?
-369
In base 6, what is -2 + -40?
-42
In base 11, what is 2874 + 0?
2874
In base 14, what is -80 - 6?
-86
In base 13, what is 1 - -255?
256
In base 14, what is 0 - 15c4?
-15c4
In base 9, what is 5 + -341?
-335
In base 13, what is 14 + 37?
4b
In base 11, what is -4 - -33a?
336
In base 2, what is -10100 - 0?
-10100
In base 9, what is 1164 - 5?
1158
In base 8, what is 100 + 31?
131
In base 4, what is -3330 - -13?
-3311
In base 8, what is -11 + 1151?
1140
In base 13, what is -a06 + -1?
-a07
In base 2, what is -10110 + -10100?
-101010
In base 3, what is 101 + -1?
100
In base 10, what is -6 - -140?
134
In base 5, what is 2 - -30332?
30334
In base 8, what is -3 - -326?
323
In base 11, what is -1 + -70a?
-710
In base 13, what is 1 + 156?
157
In base 5, what is 13 - -32?
100
In base 16, what is -41 - a?
-4b
In base 4, what is 11 - -11230?
11